lse
Does 199 divide 1911701062?
True
Is 232 a factor of 389403471?
False
Does 1715 divide 258484800?
True
Is 291984875 a multiple of 35?
True
Does 373 divide 6797166900?
False
Is 104758919 a multiple of 1950?
False
Is 25627452 a multiple of 12?
True
Is 191144350 a multiple of 4915?
True
Does 6 divide 62043084?
True
Is 16887660 a multiple of 1788?
True
Is 181 a factor of 717655322?
False
Is 45136305 a multiple of 7?
False
Is 77142364 a multiple of 13?
True
Is 11 a factor of 6884295?
True
Does 15 divide 4094237973?
False
Is 1628 a factor of 214054324?
True
Does 5686 divide 226763872?
False
Does 238 divide 166688275?
False
Is 21 a factor of 50938671?
True
Is 115 a factor of 124537077?
False
Is 35 a factor of 491859200?
True
Does 1418 divide 49838906?
False
Is 4 a factor of 60073556?
True
Does 6 divide 102044850?
True
Does 1417 divide 5199185?
False
Is 216 a factor of 162140184?
True
Is 1267405220 a multiple of 86?
True
Is 2773 a factor of 602062668?
True
Is 535106620 even?
True
Is 228 a factor of 838956757?
False
Is 1193 a factor of 4059250?
False
Does 2714 divide 38481806?
True
Does 100 divide 46763800?
True
Is 10581300 a multiple of 675?
True
Is 55 a factor of 128000519?
False
Is 147 a factor of 8429634?
False
Does 16 divide 12383072?
True
Is 148 a factor of 35010531?
False
Is 28 a factor of 410388579?
False
Is 75726725 a multiple of 23?
False
Is 27191779 a multiple of 8?
False
Does 64 divide 580390976?
True
Is 322 a factor of 195618034?
False
Is 135 a factor of 2209176660?
False
Is 370242014 a multiple of 129?
False
Is 69 a factor of 82198902?
False
Does 74 divide 34786245?
False
Is 1022 a factor of 50317561?
False
Is 214084479 a multiple of 259?
True
Is 62 a factor of 922778302?
True
Is 516 a factor of 13388902?
False
Does 531 divide 119241360?
True
Does 1223 divide 266695941?
True
Is 132 a factor of 298319103?
False
Is 136281162 a multiple of 6?
True
Does 299 divide 112192203?
False
Is 31 a factor of 753331?
True
Does 55 divide 251371172?
False
Is 66 a factor of 99244992?
True
Does 76 divide 531397776?
True
Does 218 divide 275671266?
False
Is 7406 a factor of 1467424840?
True
Is 232855257 a multiple of 22?
False
Is 981205900 a multiple of 44?
False
Is 227636746 a multiple of 16?
False
Is 1030 a factor of 298839050?
True
Is 259452147 a multiple of 681?
True
Does 147 divide 29261967?
True
Is 138 a factor of 29605278?
True
Is 34459337 a multiple of 580?
False
Is 8734 a factor of 3696876989?
False
Is 22 a factor of 3183598?
True
Is 4927 a factor of 396352515?
True
Is 37479981 a multiple of 19?
False
Does 13 divide 707625672?
True
Does 14 divide 19187651?
False
Does 453 divide 72065128?
False
Is 2140336149 a multiple of 133?
True
Is 209306280 a multiple of 120?
True
Does 17 divide 2996352?
True
Is 6787858 a multiple of 77?
True
Does 690 divide 15138444?
False
Is 43596168 a multiple of 62?
True
Is 3 a factor of 1267680?
True
Is 6 a factor of 125878056?
True
Is 172 a factor of 182861870?
False
Is 583485760 a multiple of 520?
True
Is 230545981 a multiple of 999?
False
Does 26 divide 39235144?
True
Is 4 a factor of 1160260483?
False
Is 832 a factor of 402345823?
False
Is 58316880 a multiple of 8?
True
Is 675 a factor of 128938532?
False
Does 33 divide 2040297965?
False
Does 10 divide 284908738?
False
Is 5265414 a multiple of 29?
True
Is 16162671 a multiple of 21?
True
Is 2246 a factor of 739433510?
False
Does 17 divide 15098694?
False
Is 8361502 a multiple of 119?
False
Is 2454 a factor of 422541315?
False
Does 117 divide 550022031?
True
Is 106103308 a multiple of 746?
False
Is 631 a factor of 16641126?
False
Does 1402 divide 31120194?
True
Is 21 a factor of 23139988?
False
Is 507768294 a multiple of 22?
True
Is 927 a factor of 46664253?
True
Does 42 divide 500483827?
False
Is 1633 a factor of 59640426?
True
Is 38000134 a multiple of 289?
False
Is 2542 a factor of 3653406286?
False
Does 88 divide 55976517?
False
Does 283 divide 149127699?
True
Is 1469043400 a multiple of 25?
True
Is 2888109 a multiple of 37?
True
Is 452 a factor of 163465348?
True
Is 1761 a factor of 188563509?
False
Does 35 divide 2026283700?
True
Is 28260273 a multiple of 28?
False
Does 903 divide 4289121774?
True
Is 6967186 a multiple of 2980?
False
Does 185 divide 16214880?
True
Is 462018528 a multiple of 36?
True
Is 66182960 a multiple of 19?
False
Is 396 a factor of 39098311?
False
Is 528 a factor of 40741536?
True
Is 195 a factor of 228101839?
False
Is 353 a factor of 122362508?
True
Is 18 a factor of 83970774?
True
Is 32 a factor of 7296128?
True
Is 251500207 a multiple of 25?
False
Does 1040 divide 516230979?
False
Is 3703 a factor of 891551570?
False
Is 994429476 a multiple of 18?
True
Is 786 a factor of 9261438?
True
Does 276 divide 30391837?
False
Does 4 divide 20458938?
False
Does 4770 divide 290385638?
False
Does 1662 divide 2181760584?
True
Does 11 divide 158277761?
False
Does 900 divide 20634300?
True
Is 1677 a factor of 2067781277?
False
Is 7020445 a multiple of 2515?
False
Is 111687676 a multiple of 5?
False
Is 202527159 a multiple of 37?
True
Is 10931150 a multiple of 3?
False
Does 3437 divide 598195710?
False
Is 102 a factor of 618314690?
False
Is 55640742 a multiple of 1158?
True
Does 1605 divide 521154735?
True
Is 26 a factor of 21593944?
False
Is 7299 a factor of 2835734156?
False
Does 1366 divide 707612423?
False
Does 87 divide 26319240?
True
Does 245 divide 502425420?
True
Does 10 divide 25687090?
True
Is 45 a factor of 463880745?
True
Does 4171 divide 350604225?
False
Does 10 divide 25034245?
False
Does 76 divide 10087632?
True
Does 2325 divide 705316363?
False
Is 1008 a factor of 3687307577?
False
Does 5880 divide 279423930?
False
Is 1161731685 a multiple of 12?
False
Is 3115 a factor of 3725879943?
False
Is 361 a factor of 14248157?
False
Is 21 a factor of 247802772?
True
Is 102 a factor of 153120259?
False
Is 6237 a factor of 91315917?
True
Does 7176 divide 442423414?
False
Does 158 divide 100089524?
True
Is 263424392 a multiple of 44?
True
Does 486 divide 244135916?
False
Is 524342093 a multiple of 515?
False
Does 44 divide 52495256?
True
Is 98 a factor of 743303246?
True
Is 229 a factor of 9277706?
True
Does 2058 divide 69420456?
True
Is 123933920 a multiple of 16?
True
Is 16862 a factor of 3705778602?
True
Is 2 a factor of 680920?
True
Is 11435814 a multiple of 117?
True
Does 10 divide 252107660?
True
Does 6 divide 65337180?
True
Is 229731 a multiple of 372?
False
Is 15 a factor of 201536422?
False
Does 798 divide 53426907?
False
Is 1419611950 a multiple of 22?
False
Is 9990744 a multiple of 24?
True
Is 206471086 a multiple of 1013?
False
Does 437 divide 1543702500?
True
Does 93 divide 51392412?
False
Is 4987 a factor of 288903084?
False
Does 15 divide 38817435?
True
Is 90 a factor of 104103090?
True
Does 12 divide 10038348?
True
Does 130 divide 532398705?
False
Does 64 divide 17031690?
False
Is 12 a factor of 25745352?
True
Does 225 divide 8776388?
False
Does 18 divide 108208044?
True
Does 236 divide 29592984?
True
Is 98669830 a multiple of 14?
True
Is 14 a factor of 39817848?
True
Is 719 a factor of 20746745?
True
Is 129092084 a multiple of 22?
True
Is 3341304 a multiple of 279?
True
Is 179 a factor of 316970873?
True
Is 26 a factor of 14035880?
False
Does 59 divide 198745615?
False
Is 22709169 a multiple of 21?
True
Is 59 a factor of 193184096?
False
Does 3 divide 3677991?
True
Is 1328 a factor of 338148640?
True
Is 342 a factor of 54397494?
True
Does 154 divide 17270022?
True
Is 51862740 a multiple of 79?
False
Does 54 divide 27894780?
True
Is 388 a factor of 101577656?
False
Does 11 divide 43217119?
True
Does 258 divide 181911629?
False
Is 792 a factor of 2148993606?
False
Is 165221484 a multiple of 6?
True
Does 35 divide 76187736?
False
Does 5 divide 41805257?
False
Does 283 divide 2830196?
False
Is 50 a factor of 536606600?
True
Is 835730447 a multiple of 16?
False
Is 83 a factor of 91183053?
True
Does 8 divide 142755556?
False
Is 52494993 a multiple of 9?
True
Is 26 a factor of 31694910?
True
Is 573542343 a multiple of 99?
True
Is 43 a factor of 86920458?
True
Is 742 a factor of 140508088?
True
Does 14 divide 488075448?
True
Does 559 divide 34303825?
False
Is 598637353 even?
False
Is 16 a factor of 1757379136?
True
Is 1001 a factor of 7880